{"id":209,"date":"2022-03-15T09:39:49","date_gmt":"2022-03-15T08:39:49","guid":{"rendered":"http:\/\/louatitraiteur.com\/?post_type=product&#038;p=209"},"modified":"2022-03-15T09:39:56","modified_gmt":"2022-03-15T08:39:56","slug":"caramel-beurre-salee","status":"publish","type":"product","link":"https:\/\/louatitraiteur.com\/index.php\/product\/caramel-beurre-salee\/","title":{"rendered":"Caramel beurre sal\u00e9e"},"content":{"rendered":"<p>D\u00e9gustez notre d\u00e9licieux g\u00e2teau au caramel beurre sal\u00e9e aux noix concass\u00e9 un gout irr\u00e9sistible<\/p>\n","protected":false},"excerpt":{"rendered":"<p>D\u00e9gustez notre d\u00e9licieux g\u00e2teau au caramel beurre sal\u00e9e aux noix concass\u00e9 un gout irr\u00e9sistible<\/p>\n","protected":false},"featured_media":210,"comment_status":"open","ping_status":"closed","template":"","meta":[],"product_cat":[22,23,20],"product_tag":[],"class_list":["post-209","product","type-product","status-publish","has-post-thumbnail","hentry","product_cat-patisserie-fine","product_cat-piece-individuelle","product_cat-sucre"],"_links":{"self":[{"href":"https:\/\/louatitraiteur.com\/index.php\/wp-json\/wp\/v2\/product\/209","targetHints":{"allow":["GET"]}}],"collection":[{"href":"https:\/\/louatitraiteur.com\/index.php\/wp-json\/wp\/v2\/product"}],"about":[{"href":"https:\/\/louatitraiteur.com\/index.php\/wp-json\/wp\/v2\/types\/product"}],"replies":[{"embeddable":true,"href":"https:\/\/louatitraiteur.com\/index.php\/wp-json\/wp\/v2\/comments?post=209"}],"wp:featuredmedia":[{"embeddable":true,"href":"https:\/\/louatitraiteur.com\/index.php\/wp-json\/wp\/v2\/media\/210"}],"wp:attachment":[{"href":"https:\/\/louatitraiteur.com\/index.php\/wp-json\/wp\/v2\/media?parent=209"}],"wp:term":[{"taxonomy":"product_cat","embeddable":true,"href":"https:\/\/louatitraiteur.com\/index.php\/wp-json\/wp\/v2\/product_cat?post=209"},{"taxonomy":"product_tag","embeddable":true,"href":"https:\/\/louatitraiteur.com\/index.php\/wp-json\/wp\/v2\/product_tag?post=209"}],"curies":[{"name":"wp","href":"https:\/\/api.w.org\/{rel}","templated":true}]}}