{"id":205,"date":"2022-03-15T09:34:34","date_gmt":"2022-03-15T08:34:34","guid":{"rendered":"http:\/\/louatitraiteur.com\/?post_type=product&#038;p=205"},"modified":"2022-03-15T09:35:01","modified_gmt":"2022-03-15T08:35:01","slug":"facon-rafaello","status":"publish","type":"product","link":"https:\/\/louatitraiteur.com\/index.php\/product\/facon-rafaello\/","title":{"rendered":"Fa\u00e7on Rafaello"},"content":{"rendered":"<p>G\u00e2teau Raffaello, un g\u00e2teau sublime et fabuleux, un g\u00e2teau au chocolat blanc et noix de coco r\u00e2p\u00e9e inspir\u00e9 du c\u00e9l\u00e8bre chocolat Raffaello. Une base de g\u00e9noise et de la cr\u00e8me Raffaello pr\u00e9par\u00e9e avec les m\u00eames ingr\u00e9dients que la praline\u00a0: gaufrettes, chocolat blanc, amandes et noix de coco<\/p>\n","protected":false},"excerpt":{"rendered":"<p>G\u00e2teau Raffaello, un g\u00e2teau sublime et fabuleux, un g\u00e2teau au chocolat blanc et noix de coco r\u00e2p\u00e9e inspir\u00e9 du c\u00e9l\u00e8bre chocolat Raffaello. Une base de g\u00e9noise et de la cr\u00e8me Raffaello pr\u00e9par\u00e9e avec les m\u00eames ingr\u00e9dients que la praline\u00a0: gaufrettes, chocolat blanc, amandes et noix de coco<\/p>\n","protected":false},"featured_media":206,"comment_status":"open","ping_status":"closed","template":"","meta":[],"product_cat":[22,23,20],"product_tag":[],"class_list":["post-205","product","type-product","status-publish","has-post-thumbnail","hentry","product_cat-patisserie-fine","product_cat-piece-individuelle","product_cat-sucre"],"_links":{"self":[{"href":"https:\/\/louatitraiteur.com\/index.php\/wp-json\/wp\/v2\/product\/205","targetHints":{"allow":["GET"]}}],"collection":[{"href":"https:\/\/louatitraiteur.com\/index.php\/wp-json\/wp\/v2\/product"}],"about":[{"href":"https:\/\/louatitraiteur.com\/index.php\/wp-json\/wp\/v2\/types\/product"}],"replies":[{"embeddable":true,"href":"https:\/\/louatitraiteur.com\/index.php\/wp-json\/wp\/v2\/comments?post=205"}],"wp:featuredmedia":[{"embeddable":true,"href":"https:\/\/louatitraiteur.com\/index.php\/wp-json\/wp\/v2\/media\/206"}],"wp:attachment":[{"href":"https:\/\/louatitraiteur.com\/index.php\/wp-json\/wp\/v2\/media?parent=205"}],"wp:term":[{"taxonomy":"product_cat","embeddable":true,"href":"https:\/\/louatitraiteur.com\/index.php\/wp-json\/wp\/v2\/product_cat?post=205"},{"taxonomy":"product_tag","embeddable":true,"href":"https:\/\/louatitraiteur.com\/index.php\/wp-json\/wp\/v2\/product_tag?post=205"}],"curies":[{"name":"wp","href":"https:\/\/api.w.org\/{rel}","templated":true}]}}