{"id":343,"date":"2022-06-11T15:12:05","date_gmt":"2022-06-11T13:12:05","guid":{"rendered":"https:\/\/louatitraiteur.com\/?page_id=343"},"modified":"2022-12-16T17:18:12","modified_gmt":"2022-12-16T16:18:12","slug":"nos-atouts","status":"publish","type":"page","link":"https:\/\/louatitraiteur.com\/index.php\/nos-atouts\/","title":{"rendered":"Nos atouts"},"content":{"rendered":"\t\t<div data-elementor-type=\"wp-page\" data-elementor-id=\"343\" class=\"elementor elementor-343\">\n\t\t\t\t\t\t\t\t\t<section class=\"elementor-section elementor-top-section elementor-element elementor-element-0072788 elementor-section-boxed elementor-section-height-default elementor-section-height-default\" data-id=\"0072788\" data-element_type=\"section\">\n\t\t\t\t\t\t\t<div class=\"elementor-background-overlay\"><\/div>\n\t\t\t\t\t\t\t<div class=\"elementor-container elementor-column-gap-default\">\n\t\t\t\t\t<div class=\"elementor-column elementor-col-100 elementor-top-column elementor-element elementor-element-a1ed744\" data-id=\"a1ed744\" data-element_type=\"column\">\n\t\t\t<div class=\"elementor-widget-wrap elementor-element-populated\">\n\t\t\t\t\t\t\t\t<div class=\"elementor-element elementor-element-6867445 elementor-widget elementor-widget-spacer\" data-id=\"6867445\" data-element_type=\"widget\" data-widget_type=\"spacer.default\">\n\t\t\t\t<div class=\"elementor-widget-container\">\n\t\t\t<style>\/*! elementor - v3.6.6 - 08-06-2022 *\/\n.e-container.e-container--row .elementor-spacer-inner{width:var(--spacer-size)}.e-container.e-container--column .elementor-spacer-inner,.elementor-column .elementor-spacer-inner{height:var(--spacer-size)}<\/style>\t\t<div class=\"elementor-spacer\">\n\t\t\t<div class=\"elementor-spacer-inner\"><\/div>\n\t\t<\/div>\n\t\t\t\t<\/div>\n\t\t\t\t<\/div>\n\t\t\t\t\t<\/div>\n\t\t<\/div>\n\t\t\t\t\t\t\t<\/div>\n\t\t<\/section>\n\t\t\t\t<section class=\"elementor-section elementor-top-section elementor-element elementor-element-e2a9c04 elementor-section-boxed elementor-section-height-default elementor-section-height-default\" data-id=\"e2a9c04\" data-element_type=\"section\">\n\t\t\t\t\t\t<div class=\"elementor-container elementor-column-gap-default\">\n\t\t\t\t\t<div class=\"elementor-column elementor-col-50 elementor-top-column elementor-element elementor-element-3306678 elementor-invisible\" data-id=\"3306678\" data-element_type=\"column\" data-settings=\"{&quot;animation&quot;:&quot;fadeInLeft&quot;}\">\n\t\t\t<div class=\"elementor-widget-wrap elementor-element-populated\">\n\t\t\t\t\t\t\t\t<div class=\"elementor-element elementor-element-3c00209 elementor-widget elementor-widget-heading\" data-id=\"3c00209\" data-element_type=\"widget\" data-widget_type=\"heading.default\">\n\t\t\t\t<div class=\"elementor-widget-container\">\n\t\t\t<style>\/*! elementor - v3.6.6 - 08-06-2022 *\/\n.elementor-heading-title{padding:0;margin:0;line-height:1}.elementor-widget-heading .elementor-heading-title[class*=elementor-size-]>a{color:inherit;font-size:inherit;line-height:inherit}.elementor-widget-heading .elementor-heading-title.elementor-size-small{font-size:15px}.elementor-widget-heading .elementor-heading-title.elementor-size-medium{font-size:19px}.elementor-widget-heading .elementor-heading-title.elementor-size-large{font-size:29px}.elementor-widget-heading .elementor-heading-title.elementor-size-xl{font-size:39px}.elementor-widget-heading .elementor-heading-title.elementor-size-xxl{font-size:59px}<\/style><h2 class=\"elementor-heading-title elementor-size-default\">Nos atouts<\/h2>\t\t<\/div>\n\t\t\t\t<\/div>\n\t\t\t\t<div class=\"elementor-element elementor-element-2fc822a elementor-widget elementor-widget-text-editor\" data-id=\"2fc822a\" data-element_type=\"widget\" data-widget_type=\"text-editor.default\">\n\t\t\t\t<div class=\"elementor-widget-container\">\n\t\t\t<style>\/*! elementor - v3.6.6 - 08-06-2022 *\/\n.elementor-widget-text-editor.elementor-drop-cap-view-stacked .elementor-drop-cap{background-color:#818a91;color:#fff}.elementor-widget-text-editor.elementor-drop-cap-view-framed .elementor-drop-cap{color:#818a91;border:3px solid;background-color:transparent}.elementor-widget-text-editor:not(.elementor-drop-cap-view-default) .elementor-drop-cap{margin-top:8px}.elementor-widget-text-editor:not(.elementor-drop-cap-view-default) .elementor-drop-cap-letter{width:1em;height:1em}.elementor-widget-text-editor .elementor-drop-cap{float:left;text-align:center;line-height:1;font-size:50px}.elementor-widget-text-editor .elementor-drop-cap-letter{display:inline-block}<\/style>\t\t\t\t<p><strong>&#8211; La passion de p\u00e8re en fils<\/strong> passion rime avec&nbsp;cr\u00e9ation nous ne cessons de proposer des pi\u00e8ces authentiques&nbsp;par leurs saveurs mais aussi par la qualit\u00e9 de ses produits.<\/p>\n<p><strong>&nbsp;&#8211; Moyens mat\u00e9riels et humains<\/strong><\/p>\n<p><strong>&#8211; Fiabilit\u00e9 <\/strong>des produits s\u00e9lectionn\u00e9s avec soin aupr\u00e8s de fournisseurs partenaires r\u00e9f\u00e9renc\u00e9s, une tra\u00e7abilit\u00e9 rigoureusement contr\u00f4l\u00e9e, une production ma\u00eetris\u00e9e int\u00e9gralement de la fabrication \u00e0 la livraison.<\/p>\n<p>Nous pouvons assurer tout types d\u2019\u00e9v\u00e8nements de 02 \u00e0 10 000 personnes sur tout le territoire national.<\/p>\t\t\t\t\t\t<\/div>\n\t\t\t\t<\/div>\n\t\t\t\t\t<\/div>\n\t\t<\/div>\n\t\t\t\t<div class=\"elementor-column elementor-col-50 elementor-top-column elementor-element elementor-element-7213ddb elementor-invisible\" data-id=\"7213ddb\" data-element_type=\"column\" data-settings=\"{&quot;background_background&quot;:&quot;classic&quot;,&quot;animation&quot;:&quot;fadeInRight&quot;}\">\n\t\t\t<div class=\"elementor-widget-wrap elementor-element-populated\">\n\t\t\t\t\t\t\t\t<div class=\"elementor-element elementor-element-9aea6f6 elementor-widget elementor-widget-image\" data-id=\"9aea6f6\" data-element_type=\"widget\" data-widget_type=\"image.default\">\n\t\t\t\t<div class=\"elementor-widget-container\">\n\t\t\t<style>\/*! elementor - v3.6.6 - 08-06-2022 *\/\n.elementor-widget-image{text-align:center}.elementor-widget-image a{display:inline-block}.elementor-widget-image a img[src$=\".svg\"]{width:48px}.elementor-widget-image img{vertical-align:middle;display:inline-block}<\/style>\t\t\t\t\t\t\t\t\t\t\t\t<img loading=\"lazy\" decoding=\"async\" width=\"683\" height=\"1024\" src=\"https:\/\/louatitraiteur.com\/wp-content\/uploads\/2022\/06\/image00064-683x1024.jpeg\" class=\"attachment-large size-large\" alt=\"\" srcset=\"https:\/\/louatitraiteur.com\/wp-content\/uploads\/2022\/06\/image00064-683x1024.jpeg 683w, https:\/\/louatitraiteur.com\/wp-content\/uploads\/2022\/06\/image00064-200x300.jpeg 200w, https:\/\/louatitraiteur.com\/wp-content\/uploads\/2022\/06\/image00064-600x900.jpeg 600w, https:\/\/louatitraiteur.com\/wp-content\/uploads\/2022\/06\/image00064.jpeg 720w\" sizes=\"auto, (max-width: 683px) 100vw, 683px\" \/>\t\t\t\t\t\t\t\t\t\t\t\t\t\t\t<\/div>\n\t\t\t\t<\/div>\n\t\t\t\t\t<\/div>\n\t\t<\/div>\n\t\t\t\t\t\t\t<\/div>\n\t\t<\/section>\n\t\t\t\t\t\t\t<\/div>\n\t\t","protected":false},"excerpt":{"rendered":"<p>Nos atouts &#8211; La passion de p\u00e8re en fils passion rime avec&nbsp;cr\u00e9ation nous ne cessons de proposer des pi\u00e8ces authentiques&nbsp;par leurs saveurs mais aussi par la qualit\u00e9 de ses produits. &nbsp;&#8211; Moyens mat\u00e9riels et humains &#8211; Fiabilit\u00e9 des produits s\u00e9lectionn\u00e9s avec soin aupr\u00e8s de fournisseurs partenaires r\u00e9f\u00e9renc\u00e9s, une tra\u00e7abilit\u00e9 rigoureusement contr\u00f4l\u00e9e, une production ma\u00eetris\u00e9e int\u00e9gralement [&hellip;]<\/p>\n","protected":false},"author":3,"featured_media":0,"parent":0,"menu_order":0,"comment_status":"closed","ping_status":"closed","template":"","meta":{"footnotes":""},"class_list":["post-343","page","type-page","status-publish","hentry"],"_links":{"self":[{"href":"https:\/\/louatitraiteur.com\/index.php\/wp-json\/wp\/v2\/pages\/343","targetHints":{"allow":["GET"]}}],"collection":[{"href":"https:\/\/louatitraiteur.com\/index.php\/wp-json\/wp\/v2\/pages"}],"about":[{"href":"https:\/\/louatitraiteur.com\/index.php\/wp-json\/wp\/v2\/types\/page"}],"author":[{"embeddable":true,"href":"https:\/\/louatitraiteur.com\/index.php\/wp-json\/wp\/v2\/users\/3"}],"replies":[{"embeddable":true,"href":"https:\/\/louatitraiteur.com\/index.php\/wp-json\/wp\/v2\/comments?post=343"}],"version-history":[{"count":33,"href":"https:\/\/louatitraiteur.com\/index.php\/wp-json\/wp\/v2\/pages\/343\/revisions"}],"predecessor-version":[{"id":1182,"href":"https:\/\/louatitraiteur.com\/index.php\/wp-json\/wp\/v2\/pages\/343\/revisions\/1182"}],"wp:attachment":[{"href":"https:\/\/louatitraiteur.com\/index.php\/wp-json\/wp\/v2\/media?parent=343"}],"curies":[{"name":"wp","href":"https:\/\/api.w.org\/{rel}","templated":true}]}}